{"id":7578,"date":"2025-10-02T18:03:21","date_gmt":"2025-10-02T16:03:21","guid":{"rendered":"https:\/\/culturatorrevieja.com\/evento\/ost-carmina-burana\/"},"modified":"2026-02-06T14:11:22","modified_gmt":"2026-02-06T13:11:22","slug":"ost-carmina-burana","status":"publish","type":"tribe_events","link":"https:\/\/culturatorrevieja.com\/en\/evento\/ost-carmina-burana\/","title":{"rendered":"OST: Carmina Burana"},"content":{"rendered":"<p>The International Auditorium of Torrevieja is filled with fire and strength with &#8220;Carmina Burana&#8221;, the most powerful work of Carl Orff. An overwhelming show, full of rhythm, drama and collective emotion. &#8220;Carmina Burana&#8221; becomes a sensory experience that celebrates destiny, desire and the intensity of life. If you are looking for an evening of music that will shake you inside and out, this is the concert for you.   <\/p>\n<p>TECHNICAL DATA SHEET<br \/>\n<strong>Symphony Orchestra of Torrevieja. OST <\/strong><br \/>\n<strong>Piano 1:<\/strong> Abel Figueredo. <strong>Piano 2:<\/strong> Francisco Ruiz. Celesta: Cristina C\u00e1mara<br \/>\n<strong>Soloists<\/strong>: Roc\u00edo Mart\u00ednez, soprano, Jos\u00e9 Manuel D\u00edaz, baritone, Jos\u00e9 Manuel Delicado, tenor<br \/>\n<strong>Choirs:<\/strong> Municipal Choir School of Torrevieja, Alicante Port Choir, &#8220;Coro Orff&#8221;.<br \/>\n<em>Director: Selena Cancino<\/em><br \/>\nCoral Francisco Vallejos de Torrevieja. .<br \/>\n<em>Director: Bel\u00e9n Puente<\/em><br \/>\nOrfe\u00f3n Crevillentino.<br \/>\n<em>Director:<\/em> Isabel Puig<\/p>\n<h2>Guest Director. Armando Bernab\u00e9u Andr\u00e9u <\/h2>\n<p><strong>A joint co-production of the IMC together with the OST and Cultura Torrevieja.<\/strong><\/p>\n","protected":false},"excerpt":{"rendered":"<p>The International Auditorium of Torrevieja is filled with fire and strength with &#8220;Carmina Burana&#8221;, the most powerful work of Carl Orff. An overwhelming show, full of rhythm, drama and collective [&hellip;]<\/p>\n","protected":false},"author":1,"featured_media":9056,"template":"","meta":{"_acf_changed":false,"_tribe_events_status":"","_tribe_events_status_reason":"","_tribe_events_is_hybrid":"","_tribe_events_is_virtual":"","_tribe_events_virtual_video_source":"","_tribe_events_virtual_embed_video":"","_tribe_events_virtual_linked_button_text":"","_tribe_events_virtual_linked_button":"","_tribe_events_virtual_show_embed_at":"","_tribe_events_virtual_show_embed_to":[],"_tribe_events_virtual_show_on_event":"","_tribe_events_virtual_show_on_views":"","_tribe_events_virtual_url":"","footnotes":""},"tags":[],"tribe_events_cat":[74],"class_list":["post-7578","tribe_events","type-tribe_events","status-publish","has-post-thumbnail","hentry","tribe_events_cat-concert","cat_concert"],"acf":[],"_links":{"self":[{"href":"https:\/\/culturatorrevieja.com\/en\/wp-json\/wp\/v2\/tribe_events\/7578","targetHints":{"allow":["GET"]}}],"collection":[{"href":"https:\/\/culturatorrevieja.com\/en\/wp-json\/wp\/v2\/tribe_events"}],"about":[{"href":"https:\/\/culturatorrevieja.com\/en\/wp-json\/wp\/v2\/types\/tribe_events"}],"author":[{"embeddable":true,"href":"https:\/\/culturatorrevieja.com\/en\/wp-json\/wp\/v2\/users\/1"}],"version-history":[{"count":1,"href":"https:\/\/culturatorrevieja.com\/en\/wp-json\/wp\/v2\/tribe_events\/7578\/revisions"}],"predecessor-version":[{"id":8731,"href":"https:\/\/culturatorrevieja.com\/en\/wp-json\/wp\/v2\/tribe_events\/7578\/revisions\/8731"}],"wp:featuredmedia":[{"embeddable":true,"href":"https:\/\/culturatorrevieja.com\/en\/wp-json\/wp\/v2\/media\/9056"}],"wp:attachment":[{"href":"https:\/\/culturatorrevieja.com\/en\/wp-json\/wp\/v2\/media?parent=7578"}],"wp:term":[{"taxonomy":"post_tag","embeddable":true,"href":"https:\/\/culturatorrevieja.com\/en\/wp-json\/wp\/v2\/tags?post=7578"},{"taxonomy":"tribe_events_cat","embeddable":true,"href":"https:\/\/culturatorrevieja.com\/en\/wp-json\/wp\/v2\/tribe_events_cat?post=7578"}],"curies":[{"name":"wp","href":"https:\/\/api.w.org\/{rel}","templated":true}]}}

<p>The International Auditorium of Torrevieja is filled with fire and strength with &#8220;Carmina Burana&#8221;, the most powerful work of Carl Orff. An overwhelming show, full of rhythm, drama and collective emotion. &#8220;Carmina Burana&#8221; becomes a sensory experience that celebrates destiny, desire and the intensity of life. If you are looking for an evening of music that will shake you inside and out, this is the concert for you.   </p>
<p>TECHNICAL DATA SHEET<br />
<strong>Symphony Orchestra of Torrevieja. OST </strong><br />
<strong>Piano 1:</strong> Abel Figueredo. <strong>Piano 2:</strong> Francisco Ruiz. Celesta: Cristina Cámara<br />
<strong>Soloists</strong>: Rocío Martínez, soprano, José Manuel Díaz, baritone, José Manuel Delicado, tenor<br />
<strong>Choirs:</strong> Municipal Choir School of Torrevieja, Alicante Port Choir, &#8220;Coro Orff&#8221;.<br />
<em>Director: Selena Cancino</em><br />
Coral Francisco Vallejos de Torrevieja. .<br />
<em>Director: Belén Puente</em><br />
Orfeón Crevillentino.<br />
<em>Director:</em> Isabel Puig</p>
<h2>Guest Director. Armando Bernabéu Andréu </h2>
<p><strong>A joint co-production of the IMC together with the OST and Cultura Torrevieja.</strong></p>
