{"id":4882,"date":"2024-11-12T10:24:26","date_gmt":"2024-11-12T09:24:26","guid":{"rendered":"https:\/\/culturatorrevieja.com\/evento\/quelis-the-musical-sold-out\/"},"modified":"2025-02-18T17:04:28","modified_gmt":"2025-02-18T16:04:28","slug":"quelis-the-musical-sold-out","status":"publish","type":"tribe_events","link":"https:\/\/culturatorrevieja.com\/en\/evento\/quelis-the-musical-sold-out\/","title":{"rendered":"Quelis, the musical &#8211; SOLD OUT"},"content":{"rendered":"<div>\n<p><strong>Sold out!<\/strong><\/p>\n<p>Next Sunday, January 26, at 18:30 pm, the Municipal Theater of Torrevieja will host the premiere of Quelis, a musical based on the true story of four young friends who lived intensely their youth in Torrevieja.<\/p>\n<p>This original play, written by Carlos R. Gonz\u00e1lez and with music by Jorge Cruz Toledo, explores the intimate world of four girls who face the adventures, dilemmas and emotions of adolescence in the nineties, when social networks did not exist and love was experienced face to face.<\/p>\n<p>The protagonists of Quelis are four inseparable friends: Susana, Reme, Clares and Mar\u00eda. In a town where &#8220;not even trains pass&#8221; and days seem the same, the girls support each other, argue, make up, go out and drink together. Their friendship becomes their refuge as they try to understand love and themselves, at a time when everything seems about to change.  <\/p>\n<p><em>Quelis<\/em> combines acting, music and dance to transport the audience to the youth of Torrevieja at the end of the last century, a time when every shared moment was genuine. The play features 22 original songs that represent the emotions and experiences of the characters, composed by Jorge Cruz Toledo and with lyrics by Carlos R. Gonz\u00e1lez, who is also the son of one of the original &#8220;Quelis&#8221;, bringing an authentic and personal perspective to the story. <\/p>\n<p>This emotional journey will feature a talented cast that includes Luc\u00eda Fontanilla, Alba Tes\u00edas, Sof\u00eda Pozo, Sof\u00eda Tavares, Coque S\u00e1nchez and Aitzol Ibarloza, in addition to the original &#8220;Quelis&#8221;, who will play their own characters: Susana Gonz\u00e1lez, Reme Mart\u00ednez, Mar\u00eda Jos\u00e9 Clares and Mar\u00eda Fructuoso.<\/p>\n<p>It should also be noted that Quelis swept the board at the First National Musical Theater Contest: &#8220;\u00daltima Estaci\u00f3n: Gran V\u00eda&#8221;, winning the Best Stage Direction Award for Carlos R. Gonz\u00e1lez, Best Female Voice Award for Sof\u00eda Pozo, Best Leading Actress Award for Sof\u00eda Tavares, Best Costume Design Award for Andr\u00e9s P\u00e9rez and Second Prize.<\/p>\n<p>With a mix of nostalgia, humor and sentiment, Quelis promises to be a journey into the memories of a generation and a celebration of friendship at its purest.<\/p>\n<\/div>\n<div>\n<p>&nbsp;<\/p>\n<\/div>\n","protected":false},"excerpt":{"rendered":"<p>Sold out! Next Sunday, January 26, at 18:30 pm, the Municipal Theater of Torrevieja will host the premiere of Quelis, a musical based on the true story of four young [&hellip;]<\/p>\n","protected":false},"author":1,"featured_media":4342,"template":"","meta":{"_acf_changed":false,"_tribe_events_status":"","_tribe_events_status_reason":"","_tribe_events_is_hybrid":"","_tribe_events_is_virtual":"","_tribe_events_virtual_video_source":"","_tribe_events_virtual_embed_video":"","_tribe_events_virtual_linked_button_text":"","_tribe_events_virtual_linked_button":"","_tribe_events_virtual_show_embed_at":"","_tribe_events_virtual_show_embed_to":[],"_tribe_events_virtual_show_on_event":"","_tribe_events_virtual_show_on_views":"","_tribe_events_virtual_url":"","footnotes":""},"tags":[77],"tribe_events_cat":[73],"class_list":["post-4882","tribe_events","type-tribe_events","status-publish","has-post-thumbnail","hentry","tag-slider-home","tribe_events_cat-musical-en","cat_musical-en"],"acf":[],"_links":{"self":[{"href":"https:\/\/culturatorrevieja.com\/en\/wp-json\/wp\/v2\/tribe_events\/4882","targetHints":{"allow":["GET"]}}],"collection":[{"href":"https:\/\/culturatorrevieja.com\/en\/wp-json\/wp\/v2\/tribe_events"}],"about":[{"href":"https:\/\/culturatorrevieja.com\/en\/wp-json\/wp\/v2\/types\/tribe_events"}],"author":[{"embeddable":true,"href":"https:\/\/culturatorrevieja.com\/en\/wp-json\/wp\/v2\/users\/1"}],"version-history":[{"count":1,"href":"https:\/\/culturatorrevieja.com\/en\/wp-json\/wp\/v2\/tribe_events\/4882\/revisions"}],"predecessor-version":[{"id":5034,"href":"https:\/\/culturatorrevieja.com\/en\/wp-json\/wp\/v2\/tribe_events\/4882\/revisions\/5034"}],"wp:featuredmedia":[{"embeddable":true,"href":"https:\/\/culturatorrevieja.com\/en\/wp-json\/wp\/v2\/media\/4342"}],"wp:attachment":[{"href":"https:\/\/culturatorrevieja.com\/en\/wp-json\/wp\/v2\/media?parent=4882"}],"wp:term":[{"taxonomy":"post_tag","embeddable":true,"href":"https:\/\/culturatorrevieja.com\/en\/wp-json\/wp\/v2\/tags?post=4882"},{"taxonomy":"tribe_events_cat","embeddable":true,"href":"https:\/\/culturatorrevieja.com\/en\/wp-json\/wp\/v2\/tribe_events_cat?post=4882"}],"curies":[{"name":"wp","href":"https:\/\/api.w.org\/{rel}","templated":true}]}}

<div>
<p><strong>Sold out!</strong></p>
<p>Next Sunday, January 26, at 18:30 pm, the Municipal Theater of Torrevieja will host the premiere of Quelis, a musical based on the true story of four young friends who lived intensely their youth in Torrevieja.</p>
<p>This original play, written by Carlos R. González and with music by Jorge Cruz Toledo, explores the intimate world of four girls who face the adventures, dilemmas and emotions of adolescence in the nineties, when social networks did not exist and love was experienced face to face.</p>
<p>The protagonists of Quelis are four inseparable friends: Susana, Reme, Clares and María. In a town where &#8220;not even trains pass&#8221; and days seem the same, the girls support each other, argue, make up, go out and drink together. Their friendship becomes their refuge as they try to understand love and themselves, at a time when everything seems about to change.  </p>
<p><em>Quelis</em> combines acting, music and dance to transport the audience to the youth of Torrevieja at the end of the last century, a time when every shared moment was genuine. The play features 22 original songs that represent the emotions and experiences of the characters, composed by Jorge Cruz Toledo and with lyrics by Carlos R. González, who is also the son of one of the original &#8220;Quelis&#8221;, bringing an authentic and personal perspective to the story. </p>
<p>This emotional journey will feature a talented cast that includes Lucía Fontanilla, Alba Tesías, Sofía Pozo, Sofía Tavares, Coque Sánchez and Aitzol Ibarloza, in addition to the original &#8220;Quelis&#8221;, who will play their own characters: Susana González, Reme Martínez, María José Clares and María Fructuoso.</p>
<p>It should also be noted that Quelis swept the board at the First National Musical Theater Contest: &#8220;Última Estación: Gran Vía&#8221;, winning the Best Stage Direction Award for Carlos R. González, Best Female Voice Award for Sofía Pozo, Best Leading Actress Award for Sofía Tavares, Best Costume Design Award for Andrés Pérez and Second Prize.</p>
<p>With a mix of nostalgia, humor and sentiment, Quelis promises to be a journey into the memories of a generation and a celebration of friendship at its purest.</p>
</div>
<div>
<p>&nbsp;</p>
</div>
