{"id":4864,"date":"2024-12-11T11:12:07","date_gmt":"2024-12-11T10:12:07","guid":{"rendered":"https:\/\/culturatorrevieja.com\/evento\/the-passion\/"},"modified":"2025-02-18T17:05:07","modified_gmt":"2025-02-18T16:05:07","slug":"the-passion","status":"publish","type":"tribe_events","link":"https:\/\/culturatorrevieja.com\/en\/evento\/the-passion\/","title":{"rendered":"The Passion"},"content":{"rendered":"<p>The theater group <i>Getseman\u00ed<\/i>, under the direction of Mat\u00edas Ant\u00f3n, invites us to relive the most significant moments of Holy Week through <i>The Passion<\/i>. In this representation, the scenes will recreate with depth and emotion the last hours in the life of Jesus Christ, transporting the audience to a journey of faith, sacrifice and redemption. <\/p>\n<p>A must for those who wish to connect with the spirituality and tradition of these dates, in a show full of feeling and solemnity.<\/p>\n","protected":false},"excerpt":{"rendered":"<p>The theater group Getseman\u00ed, under the direction of Mat\u00edas Ant\u00f3n, invites us to relive the most significant moments of Holy Week through The Passion. In this representation, the scenes will [&hellip;]<\/p>\n","protected":false},"author":1,"featured_media":4273,"template":"","meta":{"_acf_changed":false,"_tribe_events_status":"","_tribe_events_status_reason":"","_tribe_events_is_hybrid":"","_tribe_events_is_virtual":"","_tribe_events_virtual_video_source":"","_tribe_events_virtual_embed_video":"","_tribe_events_virtual_linked_button_text":"","_tribe_events_virtual_linked_button":"","_tribe_events_virtual_show_embed_at":"","_tribe_events_virtual_show_embed_to":[],"_tribe_events_virtual_show_on_event":"","_tribe_events_virtual_show_on_views":"","_tribe_events_virtual_url":"","footnotes":""},"tags":[],"tribe_events_cat":[75],"class_list":["post-4864","tribe_events","type-tribe_events","status-publish","has-post-thumbnail","hentry","tribe_events_cat-theater","cat_theater"],"acf":[],"_links":{"self":[{"href":"https:\/\/culturatorrevieja.com\/en\/wp-json\/wp\/v2\/tribe_events\/4864","targetHints":{"allow":["GET"]}}],"collection":[{"href":"https:\/\/culturatorrevieja.com\/en\/wp-json\/wp\/v2\/tribe_events"}],"about":[{"href":"https:\/\/culturatorrevieja.com\/en\/wp-json\/wp\/v2\/types\/tribe_events"}],"author":[{"embeddable":true,"href":"https:\/\/culturatorrevieja.com\/en\/wp-json\/wp\/v2\/users\/1"}],"version-history":[{"count":1,"href":"https:\/\/culturatorrevieja.com\/en\/wp-json\/wp\/v2\/tribe_events\/4864\/revisions"}],"predecessor-version":[{"id":5054,"href":"https:\/\/culturatorrevieja.com\/en\/wp-json\/wp\/v2\/tribe_events\/4864\/revisions\/5054"}],"wp:featuredmedia":[{"embeddable":true,"href":"https:\/\/culturatorrevieja.com\/en\/wp-json\/wp\/v2\/media\/4273"}],"wp:attachment":[{"href":"https:\/\/culturatorrevieja.com\/en\/wp-json\/wp\/v2\/media?parent=4864"}],"wp:term":[{"taxonomy":"post_tag","embeddable":true,"href":"https:\/\/culturatorrevieja.com\/en\/wp-json\/wp\/v2\/tags?post=4864"},{"taxonomy":"tribe_events_cat","embeddable":true,"href":"https:\/\/culturatorrevieja.com\/en\/wp-json\/wp\/v2\/tribe_events_cat?post=4864"}],"curies":[{"name":"wp","href":"https:\/\/api.w.org\/{rel}","templated":true}]}}

<p>The theater group <i>Getsemaní</i>, under the direction of Matías Antón, invites us to relive the most significant moments of Holy Week through <i>The Passion</i>. In this representation, the scenes will recreate with depth and emotion the last hours in the life of Jesus Christ, transporting the audience to a journey of faith, sacrifice and redemption. </p>
<p>A must for those who wish to connect with the spirituality and tradition of these dates, in a show full of feeling and solemnity.</p>

<p>The theater group Getsemaní, under the direction of Matías Antón, invites us to relive the most significant moments of Holy Week through The Passion. In this representation, the scenes will [&hellip;]</p>
