{"id":4817,"date":"2024-07-04T10:42:12","date_gmt":"2024-07-04T08:42:12","guid":{"rendered":"https:\/\/culturatorrevieja.com\/evento\/flamenco-sal-cocktail-dinner-and-show\/"},"modified":"2025-02-18T17:03:00","modified_gmt":"2025-02-18T16:03:00","slug":"flamenco-sal-cocktail-dinner-and-show","status":"publish","type":"tribe_events","link":"https:\/\/culturatorrevieja.com\/en\/evento\/flamenco-sal-cocktail-dinner-and-show\/","title":{"rendered":"Flamenco &amp; Sal: Cocktail Dinner and Show"},"content":{"rendered":"<div>\n<p>Immerse yourself in a magical evening at sunset in the Gardens of the International Auditorium of Torrevieja where the art of flamenco and gastronomy intertwine in a unique experience. &#8220;Flamenco &amp; Sal&#8221; invites you on a journey through time and Spanish culture, where every guitar note, every heel tap and skirt twirl tells a story of passion and joy through the different flamenco palos with dancing, singing and live music. <\/p>\n<\/div>\n<div>\n<p>An outdoor event, with a careful staging in which to enjoy a show that promises to excite and delight in the framework of the Auditorium Gardens. Flamenco &amp; Sal&#8221; is not just a show, but an immersion in Spanish culture through the soul of flamenco and the power of its flavors. <\/p>\n<\/div>\n<div>\n<p>There will be four artists on stage. Leading the cast is the renowned singer Iv\u00e1n Segura Ru\u00edz, known artistically as &#8216;Chaskio&#8217;, winner of the national contest of song and dance of the mines of the city of Pe\u00f1arroya (C\u00f3rdoba), where he won the Mining Lamp and the Flamenco Festival of Lo Ferro, in the form of flamenco songs, among many other awards such as the First Prize Federation of Pe\u00f1as de M\u00e1laga. Iv\u00e1n Chaskio has nine albums, the most recent under the title &#8216;Mi verdad&#8217;, published this year.  <\/p>\n<\/div>\n<div>\n<p>The line-up is completed by Noe Fern\u00e1ndez on guitar, &#8216;Franlo&#8217; on percussion and the dancer Sara &#8216;La Romera&#8217;, who will make a journey through the different flamenco palos creating a unique experience.<\/p>\n<\/div>\n<div>\n<p>Enjoy this show and dinner-cocktail during the sunset, the Salinas as a backdrop and under the Mediterranean sky.<\/p>\n<\/div>\n","protected":false},"excerpt":{"rendered":"<p>Immerse yourself in a magical evening at sunset in the Gardens of the International Auditorium of Torrevieja where the art of flamenco and gastronomy intertwine in a unique experience. &#8220;Flamenco [&hellip;]<\/p>\n","protected":false},"author":1,"featured_media":2841,"template":"","meta":{"_acf_changed":false,"_tribe_events_status":"","_tribe_events_status_reason":"","_tribe_events_is_hybrid":"","_tribe_events_is_virtual":"","_tribe_events_virtual_video_source":"","_tribe_events_virtual_embed_video":"","_tribe_events_virtual_linked_button_text":"","_tribe_events_virtual_linked_button":"","_tribe_events_virtual_show_embed_at":"","_tribe_events_virtual_show_embed_to":[],"_tribe_events_virtual_show_on_event":"","_tribe_events_virtual_show_on_views":"","_tribe_events_virtual_url":"","footnotes":""},"tags":[],"tribe_events_cat":[72],"class_list":["post-4817","tribe_events","type-tribe_events","status-publish","has-post-thumbnail","hentry","tribe_events_cat-dance","cat_dance"],"acf":[],"_links":{"self":[{"href":"https:\/\/culturatorrevieja.com\/en\/wp-json\/wp\/v2\/tribe_events\/4817","targetHints":{"allow":["GET"]}}],"collection":[{"href":"https:\/\/culturatorrevieja.com\/en\/wp-json\/wp\/v2\/tribe_events"}],"about":[{"href":"https:\/\/culturatorrevieja.com\/en\/wp-json\/wp\/v2\/types\/tribe_events"}],"author":[{"embeddable":true,"href":"https:\/\/culturatorrevieja.com\/en\/wp-json\/wp\/v2\/users\/1"}],"version-history":[{"count":1,"href":"https:\/\/culturatorrevieja.com\/en\/wp-json\/wp\/v2\/tribe_events\/4817\/revisions"}],"predecessor-version":[{"id":4984,"href":"https:\/\/culturatorrevieja.com\/en\/wp-json\/wp\/v2\/tribe_events\/4817\/revisions\/4984"}],"wp:featuredmedia":[{"embeddable":true,"href":"https:\/\/culturatorrevieja.com\/en\/wp-json\/wp\/v2\/media\/2841"}],"wp:attachment":[{"href":"https:\/\/culturatorrevieja.com\/en\/wp-json\/wp\/v2\/media?parent=4817"}],"wp:term":[{"taxonomy":"post_tag","embeddable":true,"href":"https:\/\/culturatorrevieja.com\/en\/wp-json\/wp\/v2\/tags?post=4817"},{"taxonomy":"tribe_events_cat","embeddable":true,"href":"https:\/\/culturatorrevieja.com\/en\/wp-json\/wp\/v2\/tribe_events_cat?post=4817"}],"curies":[{"name":"wp","href":"https:\/\/api.w.org\/{rel}","templated":true}]}}

<div>
<p>Immerse yourself in a magical evening at sunset in the Gardens of the International Auditorium of Torrevieja where the art of flamenco and gastronomy intertwine in a unique experience. &#8220;Flamenco &amp; Sal&#8221; invites you on a journey through time and Spanish culture, where every guitar note, every heel tap and skirt twirl tells a story of passion and joy through the different flamenco palos with dancing, singing and live music. </p>
</div>
<div>
<p>An outdoor event, with a careful staging in which to enjoy a show that promises to excite and delight in the framework of the Auditorium Gardens. Flamenco &amp; Sal&#8221; is not just a show, but an immersion in Spanish culture through the soul of flamenco and the power of its flavors. </p>
</div>
<div>
<p>There will be four artists on stage. Leading the cast is the renowned singer Iván Segura Ruíz, known artistically as &#8216;Chaskio&#8217;, winner of the national contest of song and dance of the mines of the city of Peñarroya (Córdoba), where he won the Mining Lamp and the Flamenco Festival of Lo Ferro, in the form of flamenco songs, among many other awards such as the First Prize Federation of Peñas de Málaga. Iván Chaskio has nine albums, the most recent under the title &#8216;Mi verdad&#8217;, published this year.  </p>
</div>
<div>
<p>The line-up is completed by Noe Fernández on guitar, &#8216;Franlo&#8217; on percussion and the dancer Sara &#8216;La Romera&#8217;, who will make a journey through the different flamenco palos creating a unique experience.</p>
</div>
<div>
<p>Enjoy this show and dinner-cocktail during the sunset, the Salinas as a backdrop and under the Mediterranean sky.</p>
</div>
